 v?
16
Let c be -2*(55/(-10) - -4). Let p be (-25)/30*(0 - c)*14. What is the highest common factor of p and 245?
35
Let v = 20 - 23. Let t(f) = -87*f + 14. Let s be t(v). What is the highest common factor of 25 and s?
25
Let s be 0 + 5 + (-2 - 0). Suppose -18 - 138 = -s*y. What is the greatest common factor of 130 and y?
26
Let q = -58 + 41. Let m = q + 8. Let a = 17 + m. Calculate the highest common divisor of 64 and a.
8
Let z(y) = 21*y**2 + 19*y + 92. Let v be z(-4). Calculate the highest common factor of v and 66.
22
Let t(c) = -6*c - 3. Let n be t(-8). Let u = 64 - n. Calculate the highest common factor of u and 209.
19
Let n be 4/16 - 183/(-4). Suppose -4*t - 2 = -n. What is the greatest common divisor of 22 and t?
11
Suppose 2*t - 308 = 35*w - 31*w, 2*w - 902 = -5*t. Let k be ((-4)/(-6))/(2/6). Suppose -6*m + 64 = -k*m. What is the greatest common factor of t and m?
16
Let h be 3/(-12) - (-1605)/20. Suppose h = 79*p - 74*p. What is the highest common factor of p and 2?
2
Let f(t) = t**3 + 21*t**2 - 46*t + 1. Let o be f(-23). What is the highest common divisor of o and 29?
1
Let k = -105 - -148. Let j = k - 40. What is the highest common divisor of 24 and j?
3
Let q(j) = 2*j**3 - 9*j**2 - 2*j - 9. Let z be q(5). Calculate the highest common factor of 48 and z.
6
Let j = 62 - 59. Suppose p = j*c - 130, 3*c + p - 80 = c. What is the greatest common factor of c and 105?
21
Let j(m) = -19*m - 242. Let s be j(-13). Calculate the greatest common factor of s and 35.
5
Let d(o) = -5*o - 7. Suppose 0 = -2*k - 3*t - 27, -4 = 5*k - 4*t + 6. Let z be d(k). What is the greatest common divisor of 23 and z?
23
Let f be (-1 - 1)*(-120)/16 + 1. Suppose 21 = -2*a - 2*m - m, -2*a - 1 = -m. Let k be (6 + -1 - -2) + a. What is the greatest common factor of f and k?
4
Let h be (-144)/(-3)*(-5)/(-10). Let p be (-135)/(-35) - (h/(-21) - -1). Calculate the highest common factor of p and 16.
4
Let n = -305 - -597. Let z be (-26)/5*(0 + 40). Let i = n + z. Calculate the highest common divisor of 14 and i.
14
Let z = -108 - -460. What is the highest common divisor of 32 and z?
32
Suppose 0 = -a + 2*p, -8*a + 4*p = -3*a. Let r be a + 8 + 9/(-3). What is the highest common factor of 35 and r?
5
Suppose 0*l + 2*l - 6 = 0. Suppose 7*t - 66 = -4*t. Let c be 9*5/30*t. What is the highest common factor of l and c?
3
Let a = -11 + 17. Let l be -15*(-8)/a*1. Let b = -3279 - -3459. Calculate the highest common divisor of l and b.
20
Suppose -5*h + 0*h + 10 = 0. Let s be (-5 - 1)*(-3 + 5/3). Suppose -s*k + 60 = -2*k. Calculate the highest common factor of k and h.
2
Suppose -65 = i - 71. Suppose 5*d + 1424 = d. Let a be 4/10 - d/10. What is the highest common factor of i and a?
6
Suppose o = 5*o. Suppose d + 4 = -2*m + 4*m, 3*m - 3 = o. Let w be (-4 - 6)*11/d. Calculate the greatest common divisor of 11 and w.
11
Suppose n = -4, -3*n = k - 6*k + 717. Suppose -k = -3*g + 39. Calculate the greatest common factor of 12 and g.
12
Let k(m) = m**3 + m + 4. Suppose -2*j + 10 = 3*p, -5*j = -2*j - 15. Let h be k(p). Suppose -h*u = -2*u - 36. What is the highest common divisor of 27 and u?
9
Suppose t - 8 = -4*x, -2*x = 5*t - 4 - 36. Calculate the highest common divisor of t and 1544.
8
Suppose -5 = -4*f + 3*f. Let v(p) = -3*p**2 - 7*p + 2. Let w be v(f). Let i = w + 308. What is the highest common factor of i and 25?
25
Let o be 3 + 0 + 18/(-9) - 1. Suppose 0 = -r - 5*l + 12 + 3, o = -2*r - 2*l + 14. Calculate the highest common factor of 40 and r.
5
Let j = -8 - -24. Let l be 4/16 + 316/j. Let f be (-5)/(-2)*152/l. Calculate the highest common factor of 95 and f.
19
Let l(g) = -g - 1. Let x be l(-16). Suppose -6*j + 20 = -2*j. What is the greatest common divisor of j and x?
5
Suppose 0 = -12*k + 62 + 46. Let d = 6 - 4. Suppose 3*t + 0*t - 5*y = -22, 5*t = d*y - 5. Calculate the greatest common factor of t and k.
1
Let j = 1065 + -1050. What is the highest common divisor of j and 10?
5
Suppose f = 4*n + 138, -4*f + 5*n - 99 = -662. What is the highest common divisor of 4 and f?
2
Let t = -6 - -7. Let o be (2/(-4))/(t/(-6)). Suppose -5*z + a + 132 + 14 = 0, -o*a + 42 = z. What is the highest common divisor of z and 12?
6
Let j = -9 + 16. Suppose 36 = 3*u - u - 3*d, -4*d = -8. Calculate the greatest common factor of j and u.
7
Let g = -6 - -11. Suppose -4*t + 44 = 4*w, 2*t + g*w + 15 = 4*t. Let d(l) = l**2 - 10*l + 14. Let x be d(t). What is the highest common factor of x and 7?
7
Let a be 193 + -29 + (3 - 2). Calculate the highest common divisor of 105 and a.
15
Let o be -3 - -14 - 5 - -99. Calculate the highest common factor of o and 105.
105
Let k be (-34)/6 - 2/(-3). Let w(x) = -4*x + 285 - 571 + 284. Let l be w(k). What is the highest common factor of l and 9?
9
Let d be (-4)/18*-6 - 8/(-12). Suppose d*h = 701 + 3. What is the highest common divisor of h and 32?
32
Let u(n) = 3*n**3 + 2*n**2 - 3*n + 6 + 8*n**2 + 0*n**3 - 4*n**3. Let a be u(9). What is the greatest common factor of 15 and a?
15
Suppose 12*o = 15*o - 69. What is the greatest common factor of 391 and o?
23
Suppose -4*b = -n - 54, -26*b + 25*b + 12 = -n. Calculate the greatest common divisor of 5 and b.
1
Suppose -11*z + 11 + 11 = 0. Let g(y) = 323*y**2 - y - 1. Let k be g(-1). Suppose 0 = z*v - k + 71. Calculate the greatest common divisor of v and 18.
18
Let h = -19 - -94. Suppose 4*a - h - 20 = o, 0 = -4*a - 5*o + 125. What is the greatest common factor of 325 and a?
25
Let j(x) = 2*x + 25. Let u be j(-11). Suppose 5*m - 308 = u*m. Calculate the greatest common divisor of 14 and m.
14
Suppose -2604*r = -2605*r + 81. Suppose -8 = 4*t - 28, 3*h - 2*t - 152 = 0. What is the highest common divisor of h and r?
27
Let x be (-11)/((-3)/(17 - 2)). Suppose 220 = 5*k - x. Calculate the greatest common factor of 11 and k.
11
Let t = 64 + -29. Let u be 1270/t - (0 - 6/(-21)). What is the greatest common divisor of u and 4?
4
Suppose -4*u - 14 = -106. Let x = 48 - u. Calculate the greatest common factor of x and 10.
5
Let c = 1 + 1. Let y(o) = 4*o**3 - 2*o + 4. Let a be y(c). Let k be ((-4)/5)/(((-24)/30)/4). Calculate the highest common factor of a and k.
4
Let f = 180 - 0. Suppose 23*u + 100 = 28*u. Calculate the greatest common factor of f and u.
20
Let l(j) = -j**2 - 6*j - 6. Let b be l(-4). Let d(z) = z + 7. Suppose -3*i + 6 = 21. Let t be d(i). What is the greatest common factor of t and b?
2
Suppose -2*m - 3*v + 330 = -7*v, -2*v = 0. Calculate the highest common divisor of 15 and m.
15
Let o be (-4 - (-22)/4)*6. Calculate the highest common factor of 63 and o.
9
Let g(t) = 2*t**3 - 6*t**2 + 6*t. Let m be g(4). Let o(u) = 485*u + 1497. Let l be o(-3). Calculate the greatest common factor of l and m.
14
Suppose 3*h - 7 - 104 = 0. Let w = h - 4. Calculate the highest common factor of w and 11.
11
Let z = 2222 - 2126. Let f(o) = -o**3 - 8*o**2 - 8*o. Let u be f(-8). What is the highest common factor of u and z?
32
Suppose 5*p - 4*y = -2*y + 194, -2*p + 68 = -4*y. What is the greatest common divisor of 520 and p?
40
Let o(m) = m**3 + 11*m**2 + 13*m + 23. Let t be o(-6). What is the highest common divisor of t and 75?
25
Suppose 3*b + 3*y = 96, -2*y - y - 24 = -b. Suppose 228*c + 468 = 254*c. What is the greatest common factor of b and c?
6
Let q be (-7)/14 - (-9)/(-2). Let h(g) = -g**2 + 2*g + 4. Let c be h(4). Let x = c - q. Calculate the greatest common factor of x and 4.
1
Let c = -52 + 144. Suppose -t + 0*t + c = 0. Let z be (10 + -8)/(4/46). What is the greatest common divisor of z and t?
23
Let p be 35/6 + 4/24. Suppose -p*c = -9*c + 9. Let j be -1*(-3)/9*c. What is the highest common factor of 2 and j?
1
Let f = -620 - -1287. Calculate the greatest common factor of 29 and f.
29
Let v be 6/(5*(-8)/(-20)). Suppose -3*t + 8 = n, 5*n - 33 + 7 = -t. Let q = n - v. Calculate the highest common divisor of 10 and q.
2
Suppose 0 = -5*h - 3*z + 19, -13 = h - 4*z - 3. Suppose h*x + 2 = -8, 33 = y - 3*x. Calculate the greatest common factor of y and 12.
6
Let x(j) = 3*j**2 + 12*j + 23. Suppose 4*k + 41 = 1. Let r be x(k). Calculate the greatest common factor of r and 29.
29
Suppose -42*c + 1768 = -25*c. What is the highest common factor of 16 and c?
8
Suppose -29*b - 3*b + 1920 = 0. What is the greatest common factor of 20 an